{"id":668,"date":"2024-03-19T14:50:09","date_gmt":"2024-03-19T17:50:09","guid":{"rendered":"https:\/\/www.luziania.go.gov.br\/quemamacastra\/?page_id=668"},"modified":"2024-03-19T16:40:01","modified_gmt":"2024-03-19T19:40:01","slug":"politica-de-privacidade","status":"publish","type":"page","link":"https:\/\/www.luziania.go.gov.br\/quemamacastra\/politica-de-privacidade\/","title":{"rendered":"Pol\u00edtica de Privacidade"},"content":{"rendered":"\t\t<div data-elementor-type=\"wp-page\" data-elementor-id=\"668\" class=\"elementor elementor-668\" data-elementor-settings=\"{&quot;ha_cmc_init_switcher&quot;:&quot;no&quot;}\" data-elementor-post-type=\"page\">\n\t\t\t\t<div class=\"elementor-element elementor-element-34db4b9 e-flex e-con-boxed e-con e-parent\" data-id=\"34db4b9\" data-element_type=\"container\" data-e-type=\"container\" data-settings=\"{&quot;jet_parallax_layout_list&quot;:[],&quot;_ha_eqh_enable&quot;:false}\">\n\t\t\t\t\t<div class=\"e-con-inner\">\n\t\t<div class=\"elementor-element elementor-element-f78b427 e-con-full jedv-enabled--yes e-flex e-con e-child\" data-id=\"f78b427\" data-element_type=\"container\" data-e-type=\"container\" data-settings=\"{&quot;jet_parallax_layout_list&quot;:[],&quot;_ha_eqh_enable&quot;:false}\">\n\t\t\t\t<\/div>\n\t\t<div class=\"elementor-element elementor-element-05ae3f7 e-con-full e-flex e-con e-child\" data-id=\"05ae3f7\" data-element_type=\"container\" data-e-type=\"container\" data-settings=\"{&quot;jet_parallax_layout_list&quot;:[],&quot;_ha_eqh_enable&quot;:false}\">\n\t\t\t\t<div class=\"elementor-element elementor-element-e807be4 elementor-widget elementor-widget-heading\" data-id=\"e807be4\" data-element_type=\"widget\" data-e-type=\"widget\" data-widget_type=\"heading.default\">\n\t\t\t\t<div class=\"elementor-widget-container\">\n\t\t\t\t\t<h2 class=\"elementor-heading-title elementor-size-default\">Pol\u00edtica de Privacidade<\/h2>\t\t\t\t<\/div>\n\t\t\t\t<\/div>\n\t\t\t\t<div class=\"elementor-element elementor-element-a445835 elementor-widget elementor-widget-text-editor\" data-id=\"a445835\" data-element_type=\"widget\" data-e-type=\"widget\" data-widget_type=\"text-editor.default\">\n\t\t\t\t<div class=\"elementor-widget-container\">\n\t\t\t\t\t\t\t\t\t<p>O Portal do Programa Quem Ama Cuida se compromete a proteger a privacidade e a seguran\u00e7a dos cidad\u00e3os que visitam seu site.<\/p><p><strong>Pol\u00edtica de privacidade on-line<\/strong><\/p><p><strong>Coleta e divulga\u00e7\u00e3o de informa\u00e7\u00e3o:<\/strong>\u00a0Para garantir que possamos nos comunicar corretamente com os visitantes de nosso site, algumas informa\u00e7\u00f5es ser\u00e3o coletadas para que possam ser associadas a uma pessoa espec\u00edfica. A isso chamamos de \u201cInforma\u00e7\u00e3o pessoal\u201d, a qual inclui, a fins de esclarecimento, nomes, endere\u00e7os, n\u00fameros de telefone e endere\u00e7os de e-mail.<\/p><p>Toda informa\u00e7\u00e3o pessoal ser\u00e1 coletada com a permiss\u00e3o daqueles que solicitem receber e-mail ou outros servi\u00e7os nossos. Toda informa\u00e7\u00e3o pessoal ser\u00e1 coletada para fornecer \u00e0queles que assim permitirem informa\u00e7\u00e3o precisa atrav\u00e9s de e-mail sobre eventos, recursos e fatos.<\/p><p>\u00c9 de nossa pol\u00edtica geral n\u00e3o divulgar qualquer informa\u00e7\u00e3o pessoal a quaisquer outros entes al\u00e9m de nossos servidores, assessores e representantes legalmente institu\u00eddos.<\/p><p>Alguns servi\u00e7os oferecidos requerem cadastros mais detalhados, como exemplo a emiss\u00e3o de notas fiscais, a atualiza\u00e7\u00e3o de cadastros de im\u00f3veis, entre outros. Para tais servi\u00e7os mantemos banco de dados espec\u00edfico protegido e com acesso restrito. Recomendamos aos usu\u00e1rios o n\u00e3o compartilhamento de seu login e senha para terceiros, buscando assim o maior controle desses dados.<\/p><p><strong>Finalidade das informa\u00e7\u00f5es:\u00a0<\/strong>Usamos as informa\u00e7\u00f5es que coletamos para aprimorar os servi\u00e7os oferecidos, sanar falhas em sistemas de atendimento e, ainda, desenvolver novas solu\u00e7\u00f5es para trazer mais agilidade e conforto ao dia a dia dos cidad\u00e3os.<\/p><p><strong>Coment\u00e1rios e informa\u00e7\u00e3o pessoal online:<\/strong>\u00a0Qualquer nome, cidade, estado ou coment\u00e1rios fornecidos pelos visitantes ser\u00e3o considerados informa\u00e7\u00e3o p\u00fablica. Junto com a divulga\u00e7\u00e3o das cidades ou estados dos visitantes poder\u00e3o ser feitos coment\u00e1rios \u00e0 imprensa e ao p\u00fablico online.<\/p><p><strong>Cancelamento e modifica\u00e7\u00e3o de informa\u00e7\u00f5es:<\/strong>\u00a0Inscritos em nossa lista de e-mail podem cancelar suas inscri\u00e7\u00f5es atrav\u00e9s de um link presente no fim de cada e-mail enviado pelo Portal.<\/p><p><strong>Visualiza\u00e7\u00e3o da informa\u00e7\u00e3o coletada pelo site:<\/strong>\u00a0\u00c9 feito o registro de endere\u00e7os IP, com localiza\u00e7\u00f5es de computadores ou redes na Internet, para posterior an\u00e1lise a fim de agregar valor ao site. N\u00fameros agregados de acessos de p\u00e1ginas tamb\u00e9m ser\u00e3o coletados para registrar a popularidade de algumas p\u00e1ginas a fim de agregar valor ao site. N\u00e3o \u00e9 coletada, solicitada, gravada, requerida, reunida ou registrada qualquer informa\u00e7\u00e3o pessoal dos usu\u00e1rios de Internet atrav\u00e9s desses processos.<\/p><p><strong>Cookies:<\/strong>\u00a0O cookie \u00e9 uma min\u00fascula quantidade de informa\u00e7\u00e3o armazena pelo navegador do usu\u00e1rio que ajuda um site ou servi\u00e7o a reconhecer o \u00fanico computador deste usu\u00e1rio. \u00c9 poss\u00edvel remover ou bloquear cookies alterando as configura\u00e7\u00f5es de seu navegador.<\/p><p>Cookies espec\u00edficos de algumas se\u00e7\u00f5es podem ser usados pelo Portal para melhorar a experi\u00eancia do usu\u00e1rio, a fins de medidas b\u00e1sicas da web. Estes cookies expiram em muito pouco tempo em cada janela ou quando o navegador \u00e9 fechado.<\/p><p><strong>Para v\u00eddeos dispon\u00edveis no Portal<\/strong>, ser\u00e3o usados \u2018cookies constantes\u2019 fornecidos por terceiros ao clicar para abrir o v\u00eddeo. Cookies constantes s\u00e3o usados por fornecedores terceiros para ajudar a manter a integridade das estat\u00edsticas de v\u00eddeo.<\/p><p><strong>Privacidade das listas de e-mail:<\/strong>\u00a0Conforme foi mencionado, fazemos uso de listas de e-mail para manter aqueles que permitem, desejam e t\u00eam interesse em se manter informados sobre t\u00f3picos importantes, para as quais estes devem solicitar inclus\u00e3o. O programa do servidor destas listas \u00e9 configurado de modo a recusar a divulga\u00e7\u00e3o dos endere\u00e7os de e-mail de nossa lista de inscritos a qualquer outro que n\u00e3o aquele autorizado por n\u00f3s. No entanto, n\u00e3o somos autores do programa e, portanto, respons\u00e1veis por quaisquer falhas no programa para preservar o anonimato do inscrito.<\/p><p><strong>Seguran\u00e7a:<\/strong>\u00a0Fazemos uso de uma s\u00e9rie de garantias f\u00edsicas, eletr\u00f4nicas e metodol\u00f3gicas para proteger informa\u00e7\u00f5es pessoais. Fazemos uso de ferramentas e t\u00e9cnicas comerciais para garantir a prote\u00e7\u00e3o contra acessos n\u00e3o-autorizados ao nosso sistema. Tamb\u00e9m restringimos o acesso \u00e0 informa\u00e7\u00e3o pessoal \u00e0queles que a necessitam no decorrer de suas atividades para n\u00f3s. Suas pr\u00f3prias garantias para fazer a prote\u00e7\u00e3o contra acessos n\u00e3o-autorizados t\u00eam papel importante na prote\u00e7\u00e3o da seguran\u00e7a de suas informa\u00e7\u00f5es pessoais. Sempre que terminar de usar um computador compartilhado, saia de sua conta e sempre fa\u00e7a log out de qualquer site no qual seja poss\u00edvel visualizar suas informa\u00e7\u00f5es pessoais. \u00c9 poss\u00edvel que tenhamos links para sites exteriores dos quais n\u00e3o temos controle. N\u00e3o somos respons\u00e1veis pelo conte\u00fado ou pela pol\u00edtica de privacidade de tais sites. Usu\u00e1rios devem checar a pol\u00edtica de privacidade de cada site.<\/p><p><strong>Mudan\u00e7as nesta pol\u00edtica de privacidade:<\/strong>\u00a0Esta pol\u00edtica de privacidade ser\u00e1 revisada e atualizada se mudan\u00e7as ocorrerem em nossas pr\u00e1ticas, ou se desejarmos uma melhor maneira de lhe informarmos sobre estas. Visite esta p\u00e1gina constantemente para obter informa\u00e7\u00f5es atualizadas, assim como a data de quaisquer mudan\u00e7as. Se esta pol\u00edtica de privacidade for alterada, nova pol\u00edtica de privacidade ser\u00e1 colocada no Portal com a devida altera\u00e7\u00e3o da data no fim da p\u00e1gina. Mudan\u00e7as nesta pol\u00edtica de privacidade n\u00e3o se aplicam de modo retroativo.<\/p><p>Caso haja qualquer d\u00favida, por favor, entre em contato conosco.<\/p><p><strong>TERMOS DE USO<\/strong><\/p><p>Materiais produzidos pelo Portal Quem Ama Cuida contidos neste site n\u00e3o est\u00e3o protegidos por direitos autorais. A Prefeitura de Luzi\u00e2nia pode receber e manter tais direitos transferidos por atribui\u00e7\u00e3o, legado ou outro meio.<\/p><p><strong>Licen\u00e7a Creative Commons<\/strong><\/p><p>Exceto onde for apontado de outra forma, conte\u00fado de terceiros neste site est\u00e3o sob a Licen\u00e7a de Atribui\u00e7\u00e3o Creative Commons 3.0. Visitantes deste site concordam em conceder uma licen\u00e7a n\u00e3o-exclusiva, irrevog\u00e1vel e sem direito controlado ao resto do mundo por submiss\u00e3o ao Portal da Prefeitura, sob a Licen\u00e7a de Atribui\u00e7\u00e3o Creative Commons 3.0.<\/p><p>O Portal do Programa Quem Ama Cuida respeita a propriedade intelectual de todos e pede aos usu\u00e1rios de nosso site que fa\u00e7am o mesmo. O Portal da Prefeitura adotou uma pol\u00edtica de cancelamento, sob circunst\u00e2ncias apropriadas e sem restri\u00e7\u00f5es, para usu\u00e1rios ou donos de contas que estejam comprovadamente repetindo transgress\u00f5es. Tamb\u00e9m temos a permiss\u00e3o de, sem restri\u00e7\u00f5es, limitar o acesso ao site ou cancelar contas de quaisquer usu\u00e1rios que transgridam direitos da propriedade intelectual de terceiros, quer tenha havido repetidas transgress\u00f5es ou n\u00e3o.<\/p>\t\t\t\t\t\t\t\t<\/div>\n\t\t\t\t<\/div>\n\t\t\t\t<\/div>\n\t\t<div class=\"elementor-element elementor-element-e6be06f e-con-full e-flex e-con e-child\" data-id=\"e6be06f\" data-element_type=\"container\" data-e-type=\"container\" data-settings=\"{&quot;jet_parallax_layout_list&quot;:[],&quot;_ha_eqh_enable&quot;:false}\">\n\t\t\t\t<\/div>\n\t\t\t\t\t<\/div>\n\t\t\t\t<\/div>\n\t\t\t\t<\/div>\n\t\t","protected":false},"excerpt":{"rendered":"<p>Pol\u00edtica de Privacidade O Portal do Programa Quem Ama Cuida se compromete a proteger a privacidade e a seguran\u00e7a dos cidad\u00e3os que visitam seu site. Pol\u00edtica de privacidade on-line Coleta e divulga\u00e7\u00e3o de informa\u00e7\u00e3o:\u00a0Para garantir que possamos nos comunicar corretamente com os visitantes de nosso site, algumas informa\u00e7\u00f5es ser\u00e3o coletadas para que possam ser associadas [&hellip;]<\/p>\n","protected":false},"author":1,"featured_media":0,"parent":0,"menu_order":0,"comment_status":"closed","ping_status":"closed","template":"","meta":{"_jf_save_progress":"","_jf_limit_responses":"","_jet_sm_ready_style":"","_jet_sm_style":"","_jet_sm_controls_values":"","_jet_sm_fonts_collection":"","_jet_sm_fonts_links":"","footnotes":""},"class_list":["post-668","page","type-page","status-publish","hentry"],"yoast_head":"<!-- This site is optimized with the Yoast SEO plugin v25.8 - https:\/\/yoast.com\/wordpress\/plugins\/seo\/ -->\n<title>Pol\u00edtica de Privacidade - Quem ama castra<\/title>\n<meta name=\"robots\" content=\"noindex, follow, max-snippet:-1, max-image-preview:large, max-video-preview:-1\" \/>\n<meta property=\"og:locale\" content=\"pt_BR\" \/>\n<meta property=\"og:type\" content=\"article\" \/>\n<meta property=\"og:title\" content=\"Pol\u00edtica de Privacidade - Quem ama castra\" \/>\n<meta property=\"og:description\" content=\"Pol\u00edtica de Privacidade O Portal do Programa Quem Ama Cuida se compromete a proteger a privacidade e a seguran\u00e7a dos cidad\u00e3os que visitam seu site. Pol\u00edtica de privacidade on-line Coleta e divulga\u00e7\u00e3o de informa\u00e7\u00e3o:\u00a0Para garantir que possamos nos comunicar corretamente com os visitantes de nosso site, algumas informa\u00e7\u00f5es ser\u00e3o coletadas para que possam ser associadas [&hellip;]\" \/>\n<meta property=\"og:url\" content=\"https:\/\/www.luziania.go.gov.br\/quemamacastra\/politica-de-privacidade\/\" \/>\n<meta property=\"og:site_name\" content=\"Quem ama castra\" \/>\n<meta property=\"article:modified_time\" content=\"2024-03-19T19:40:01+00:00\" \/>\n<meta name=\"twitter:card\" content=\"summary_large_image\" \/>\n<meta name=\"twitter:label1\" content=\"Est. tempo de leitura\" \/>\n\t<meta name=\"twitter:data1\" content=\"6 minutos\" \/>\n<script type=\"application\/ld+json\" class=\"yoast-schema-graph\">{\"@context\":\"https:\/\/schema.org\",\"@graph\":[{\"@type\":\"WebPage\",\"@id\":\"https:\/\/www.luziania.go.gov.br\/quemamacastra\/politica-de-privacidade\/\",\"url\":\"https:\/\/www.luziania.go.gov.br\/quemamacastra\/politica-de-privacidade\/\",\"name\":\"Pol\u00edtica de Privacidade - Quem ama castra\",\"isPartOf\":{\"@id\":\"https:\/\/www.luziania.go.gov.br\/quemamacastra\/#website\"},\"datePublished\":\"2024-03-19T17:50:09+00:00\",\"dateModified\":\"2024-03-19T19:40:01+00:00\",\"breadcrumb\":{\"@id\":\"https:\/\/www.luziania.go.gov.br\/quemamacastra\/politica-de-privacidade\/#breadcrumb\"},\"inLanguage\":\"pt-BR\",\"potentialAction\":[{\"@type\":\"ReadAction\",\"target\":[\"https:\/\/www.luziania.go.gov.br\/quemamacastra\/politica-de-privacidade\/\"]}]},{\"@type\":\"BreadcrumbList\",\"@id\":\"https:\/\/www.luziania.go.gov.br\/quemamacastra\/politica-de-privacidade\/#breadcrumb\",\"itemListElement\":[{\"@type\":\"ListItem\",\"position\":1,\"name\":\"Home\",\"item\":\"https:\/\/www.luziania.go.gov.br\/quemamacastra\/\"},{\"@type\":\"ListItem\",\"position\":2,\"name\":\"Pol\u00edtica de Privacidade\"}]},{\"@type\":\"WebSite\",\"@id\":\"https:\/\/www.luziania.go.gov.br\/quemamacastra\/#website\",\"url\":\"https:\/\/www.luziania.go.gov.br\/quemamacastra\/\",\"name\":\"Quem ama castra\",\"description\":\"Programa Municipal de Castra\u00e7\u00e3o de C\u00e3es e Gatos\",\"publisher\":{\"@id\":\"https:\/\/www.luziania.go.gov.br\/quemamacastra\/#organization\"},\"potentialAction\":[{\"@type\":\"SearchAction\",\"target\":{\"@type\":\"EntryPoint\",\"urlTemplate\":\"https:\/\/www.luziania.go.gov.br\/quemamacastra\/?s={search_term_string}\"},\"query-input\":{\"@type\":\"PropertyValueSpecification\",\"valueRequired\":true,\"valueName\":\"search_term_string\"}}],\"inLanguage\":\"pt-BR\"},{\"@type\":\"Organization\",\"@id\":\"https:\/\/www.luziania.go.gov.br\/quemamacastra\/#organization\",\"name\":\"Quem ama castra\",\"url\":\"https:\/\/www.luziania.go.gov.br\/quemamacastra\/\",\"logo\":{\"@type\":\"ImageObject\",\"inLanguage\":\"pt-BR\",\"@id\":\"https:\/\/www.luziania.go.gov.br\/quemamacastra\/#\/schema\/logo\/image\/\",\"url\":\"https:\/\/www.luziania.go.gov.br\/quemamacastra\/wp-content\/uploads\/2024\/03\/cropped-LOGO_Quem_Ama_Site.png\",\"contentUrl\":\"https:\/\/www.luziania.go.gov.br\/quemamacastra\/wp-content\/uploads\/2024\/03\/cropped-LOGO_Quem_Ama_Site.png\",\"width\":352,\"height\":273,\"caption\":\"Quem ama castra\"},\"image\":{\"@id\":\"https:\/\/www.luziania.go.gov.br\/quemamacastra\/#\/schema\/logo\/image\/\"}}]}<\/script>\n<!-- \/ Yoast SEO plugin. -->","yoast_head_json":{"title":"Pol\u00edtica de Privacidade - Quem ama castra","robots":{"index":"noindex","follow":"follow","max-snippet":"max-snippet:-1","max-image-preview":"max-image-preview:large","max-video-preview":"max-video-preview:-1"},"og_locale":"pt_BR","og_type":"article","og_title":"Pol\u00edtica de Privacidade - Quem ama castra","og_description":"Pol\u00edtica de Privacidade O Portal do Programa Quem Ama Cuida se compromete a proteger a privacidade e a seguran\u00e7a dos cidad\u00e3os que visitam seu site. Pol\u00edtica de privacidade on-line Coleta e divulga\u00e7\u00e3o de informa\u00e7\u00e3o:\u00a0Para garantir que possamos nos comunicar corretamente com os visitantes de nosso site, algumas informa\u00e7\u00f5es ser\u00e3o coletadas para que possam ser associadas [&hellip;]","og_url":"https:\/\/www.luziania.go.gov.br\/quemamacastra\/politica-de-privacidade\/","og_site_name":"Quem ama castra","article_modified_time":"2024-03-19T19:40:01+00:00","twitter_card":"summary_large_image","twitter_misc":{"Est. tempo de leitura":"6 minutos"},"schema":{"@context":"https:\/\/schema.org","@graph":[{"@type":"WebPage","@id":"https:\/\/www.luziania.go.gov.br\/quemamacastra\/politica-de-privacidade\/","url":"https:\/\/www.luziania.go.gov.br\/quemamacastra\/politica-de-privacidade\/","name":"Pol\u00edtica de Privacidade - Quem ama castra","isPartOf":{"@id":"https:\/\/www.luziania.go.gov.br\/quemamacastra\/#website"},"datePublished":"2024-03-19T17:50:09+00:00","dateModified":"2024-03-19T19:40:01+00:00","breadcrumb":{"@id":"https:\/\/www.luziania.go.gov.br\/quemamacastra\/politica-de-privacidade\/#breadcrumb"},"inLanguage":"pt-BR","potentialAction":[{"@type":"ReadAction","target":["https:\/\/www.luziania.go.gov.br\/quemamacastra\/politica-de-privacidade\/"]}]},{"@type":"BreadcrumbList","@id":"https:\/\/www.luziania.go.gov.br\/quemamacastra\/politica-de-privacidade\/#breadcrumb","itemListElement":[{"@type":"ListItem","position":1,"name":"Home","item":"https:\/\/www.luziania.go.gov.br\/quemamacastra\/"},{"@type":"ListItem","position":2,"name":"Pol\u00edtica de Privacidade"}]},{"@type":"WebSite","@id":"https:\/\/www.luziania.go.gov.br\/quemamacastra\/#website","url":"https:\/\/www.luziania.go.gov.br\/quemamacastra\/","name":"Quem ama castra","description":"Programa Municipal de Castra\u00e7\u00e3o de C\u00e3es e Gatos","publisher":{"@id":"https:\/\/www.luziania.go.gov.br\/quemamacastra\/#organization"},"potentialAction":[{"@type":"SearchAction","target":{"@type":"EntryPoint","urlTemplate":"https:\/\/www.luziania.go.gov.br\/quemamacastra\/?s={search_term_string}"},"query-input":{"@type":"PropertyValueSpecification","valueRequired":true,"valueName":"search_term_string"}}],"inLanguage":"pt-BR"},{"@type":"Organization","@id":"https:\/\/www.luziania.go.gov.br\/quemamacastra\/#organization","name":"Quem ama castra","url":"https:\/\/www.luziania.go.gov.br\/quemamacastra\/","logo":{"@type":"ImageObject","inLanguage":"pt-BR","@id":"https:\/\/www.luziania.go.gov.br\/quemamacastra\/#\/schema\/logo\/image\/","url":"https:\/\/www.luziania.go.gov.br\/quemamacastra\/wp-content\/uploads\/2024\/03\/cropped-LOGO_Quem_Ama_Site.png","contentUrl":"https:\/\/www.luziania.go.gov.br\/quemamacastra\/wp-content\/uploads\/2024\/03\/cropped-LOGO_Quem_Ama_Site.png","width":352,"height":273,"caption":"Quem ama castra"},"image":{"@id":"https:\/\/www.luziania.go.gov.br\/quemamacastra\/#\/schema\/logo\/image\/"}}]}},"_links":{"self":[{"href":"https:\/\/www.luziania.go.gov.br\/quemamacastra\/wp-json\/wp\/v2\/pages\/668","targetHints":{"allow":["GET"]}}],"collection":[{"href":"https:\/\/www.luziania.go.gov.br\/quemamacastra\/wp-json\/wp\/v2\/pages"}],"about":[{"href":"https:\/\/www.luziania.go.gov.br\/quemamacastra\/wp-json\/wp\/v2\/types\/page"}],"author":[{"embeddable":true,"href":"https:\/\/www.luziania.go.gov.br\/quemamacastra\/wp-json\/wp\/v2\/users\/1"}],"replies":[{"embeddable":true,"href":"https:\/\/www.luziania.go.gov.br\/quemamacastra\/wp-json\/wp\/v2\/comments?post=668"}],"version-history":[{"count":0,"href":"https:\/\/www.luziania.go.gov.br\/quemamacastra\/wp-json\/wp\/v2\/pages\/668\/revisions"}],"wp:attachment":[{"href":"https:\/\/www.luziania.go.gov.br\/quemamacastra\/wp-json\/wp\/v2\/media?parent=668"}],"curies":[{"name":"wp","href":"https:\/\/api.w.org\/{rel}","templated":true}]}}